7).
40
What is the value of -2404 + 2449 + (-60 - 1)?
-16
What is -717 + 723 - (1 + -40) - 10?
35
Evaluate -79 + 149 - (4 - (-7 - -1 - -1)).
61
Evaluate (6 - (5 - 2)) + (102 - 113) + 53.
45
8 - (2 - (-29 + 65))
42
Evaluate -35 - (2075 + -2070 - (-2 + 18 + 2)).
-22
Calculate -118 + 0 + 1023 + -935.
-30
-35 + 2 - (-3 + 25 + -14 + 2 + -1)
-42
What is -81 - (61 + -116) - -66?
40
Evaluate (-39 - -32) + (10 - 10 - (-2 + -4)).
-1
Calculate 1318 + -1366 + (0 - 1).
-49
What is the value of 13 + -7 + -11 + 113 + (14 + -22 - -21)?
121
What is the value of -8 + 21 + (21 + -2 - (-55 - 23))?
110
What is 61 - -3 - (12 - ((-4 + 35 - 6) + -14))?
63
-61 - (24 - (-12 - (-1 - 11)) - 15)
-70
What is the value of 115 + -29 + 7 + 4 + -14?
83
(16 - -14) + -3 + (-155 - -67)
-61
What is -34 - (22 + (8 - 84))?
20
10 + -20 + (12 - 22)
-20
What is ((38 + -12 - 0) + -16 - 10) + 56?
56
22 - (23 + -81 + 24 + -7)
63
Evaluate (-27 - (-14 - -4)) + (118 - 121).
-20
214 - 215 - (2 + 2 - (-9 - 0))
-14
What is the value of -5 + 8 + (0 - (3 + -7) - (136 + -137))?
8
Evaluate (-16 - (-15 + 31)) + 21 + -1 + 42.
30
Evaluate -73 - (6 + -4 + -1 + 19 + -32).
-61
What is the value of ((-23 - -30) + (18 - 0) - 13) + -110?
-98
-27 - (51 + (5 - 54))
-29
Evaluate 23 - (-200 + 119 + 174).
-70
What is (5 - (-60 + 89 + 45)) + 0 + 0 + -1?
-70
Evaluate -8 - (1 + 6 + (10 - 20)).
-5
Calculate 19 - ((-4 - 7 - 4) + 27 + 46).
-39
Calculate 73 + 2 + -3 - (-19913 + 19917).
68
Calculate 5 + (12 - 5 - 2) - (125 - 67).
-48
Calculate -5 + -7 + 32 - -3.
23
Calculate (2 - 11) + (-6 - -15) + -1 + 1.
0
Calculate -1 + 74 + (-199 + -4 - -216).
86
What is the value of 759 + -748 - (-64 - -1) - 28?
46
What is the value of (35 - (10 - 54)) + 3 + -7 + -1 + 12?
86
Evaluate 6 + -1 - (-33 - -34) - (16 - -2).
-14
-28 - 0 - (0 - -1 - (2800 - 2783))
-12
Calculate -8 + (16 - 4 - (2 - -7)) + -29.
-34
-71 + -20 + 1 + (43 + 13 - 46)
-80
What is (1 - 0 - (-85 + 60 - -48)) + 13?
-9
Calculate -62 - -92 - (-2 - -22) - 24.
-14
What is -67 + -22 + (-22 - (-29 + 22) - -32)?
-72
What is 77 + (-40 - -3) + -1?
39
What is the value of (-9 + -2 + 6 + -5 - (-22 + 7)) + 6?
11
What is the value of 2 + 3 - (-8 + 72 - 9 - (27 - 30))?
-53
Evaluate -27 - (29 - 32) - -39 - 1.
14
What is -2 - ((-214 + 280 - (8 + 0)) + 1 + 12)?
-73
What is the value of (71 - 161) + -52 - (-7 - (2 - -1))?
-132
Calculate 5 - (-187 - (-61 - 68)).
63
What is the value of (-29 - -47) + -10 + -28?
-20
What is the value of -100 - (107 - 163) - -92?
48
What is the value of 3 - -104 - (-2579 - -2625)?
61
Evaluate 0 + (-92 - -2 - -2) + 2 - (-4911 - -4902).
-77
What is 0 + 0 + -9 - (106 + (-231 - (-46 - -63)))?
133
129 + -256 + 40 + 56
-31
What is -2 - (19 - 2 - (39 - 15))?
5
What is the value of (-5 - -54) + -31 - (-42 + 65)?
-5
(56 - 0) + (4765 - 4849)
-28
What is the value of -20 + (-17 + 9 - (18 - 17))?
-29
7 + (15 - 10) + (-5 - 1 - -3) + -19
-10
What is the value of 27 + -12 + 25 + (-6 - 0) + -7 + 19?
46
Evaluate (-2 + -6 + -9 - -29) + 11 + -6.
17
What is 0 + -2 + (-149 - (53 - 183))?
-21
26 + (-69 - (3 - 3))
-43
Evaluate 22 + -44 + 16 + (-1 - 4 - (-66 + 2)).
53
Evaluate 22 - -4 - (-3 - -1) - (-27 + 18).
37
What is the value of (-27 - (-16 + 11 + -3)) + (68 - -23)?
72
What is 14 + (-8 + 31 - -13 - (1 - -6))?
43
Evaluate 1382 + -1400 + 10 + (0 - 3).
-11
Evaluate 1 + 3 + -2 + (22 - 1) + -9 - 6.
8
What is -3 - (2 - (-1 + 1)) - (-264 + 257)?
2
What is the value of (-28 + (-2 - -47) - 3) + -70?
-56
What is the value of (-479 - -481) + 27 + -7 + -7 + 0?
15
Evaluate (26 - -52 - 51) + 2 + 0.
29
Evaluate (-5559 - -5477) + (1 - 2) + 8 + -21.
-96
Evaluate (4 - (-7 - -6 - -16)) + (-40 - -137 - 31).
55
Calculate (-51 - -23) + 5 + 50.
27
Evaluate (-3 + 15 - (-3 - 0)) + 4 + (48 - 25).
42
-5 - (-1 - (-27 + 26 - (-5 + 1)))
-1
(-129 - 0) + (-1167 - -1324)
28
What is the value of 17 + (-48 - -44 - (9 + -1)) + -14 + -90?
-99
Evaluate 111 + -243 + 41 + 95.
4
-1 + -6 - (9 + -6 + -2 - 16 - -1)
7
Calculate -41 + (-6 - 44) - (-7 + -16).
-68
Calculate -1 + 31 + -23 + 35 + 32.
74
(3 - 165) + 186 + -62
-38
(19 - 14) + (1 - -7 - (-19 - -25))
7
What is -45 + 36 + (-3 - -2 - (0 + -6)) - -48?
44
What is -1596 + 1581 + (144 - -2) + (-5 - -3 - 1)?
128
What is (67 - 154) + 153 - 110?
-44
What is -26 - (27 + 17 + -39)?
-31
What is the value of (1 - 0) + 40 - (-12858 + 12860)?
39
Calculate 0 + (-12 - (-4 + (9 - 18 - 0) + -28)).
29
What is the value of 91 + (-19 - (5 + -2 + -19)) - -18?
106
88 + -29 + -35 + 53
77
Calculate (-16 + -5 - -17) + (-3 - 2) - (-181 + 65).
107
1 - -48 - -97 - 71
75
Evaluate (-28 - -2) + (1617 - 1448) + -15.
128
What is the value of (2 - 117) + -67 - -111?
-71
What is the value of -1 + (-45 - -1) + (-5 - (34 + -21 + -13))?
-50
Calculate -104 + (-16 - -106) + 151.
137
What is the value of 35 - (-21 + 52) - -52?
56
27 + -15 + -2 + 12 + -15
7
Calculate -51 + 13 + (-12 - 6) + 16.
-40
What is the value of 35 + (-77 - (-28 - 19))?
5
What is 67 + 15 + -7 + (32 - 33 - 5)?
69
What is (231 + -231 - (-15 - -4)) + 10?
21
What is the value of 76 + -44 + 8 + 6?
46
What is (25 - -2) + -33 + 56 + -1 + -24?
25
(-44 - -3) + 2 - (39 + -61 - -34)
-51
Calculate 40 + (-138 - -47) - -32 - 31.
-50
Calculate (-1 - 51) + -285 + 291 + -15 + -1 + -9.
-71
What is 6 - (28 + -23 - (2 + -16 + 5))?
-8
Calculate -1 + (-6 - -6 - -32) + 6.
37
Calculate 3 - 55 - ((22 - 122) + 117).
-69
(6 - (1 + 3) - -4) + 221 + -170
57
Calculate -3677 + 3677 + (2 - 0).
2
What is the value of (1 - 0) + (249 - 199) + -4?
47
What is the value of (0 - 47) + (12 - (4 + -23 + 29))?
-45
What is 8 + 11 + -90 + 57?
-14
What is the value of -1 + 32 - (19 - 4 - (-15 - -21))?
22
Evaluate -15 + 3 + -20 + (78 - 23).
23
Calculate -21 + 2 + 8 - (0 + (-7 - (2 - -1))).
-1
What is the value of -2 + 0 - (-1 - (-6 - (10 - 14)))?
-3
1 - (-1 - 15) - (1252 + -1262)
27
What is the value of -81 - (86 - (158 + 74))?
65
-38 - -40 - (-98 + 27)
73
5 - 2 - (26 + -10 + -35) - (9 - -1)
12
(-133 - -511 - 338) + 1 + -18
23
5 + -10 + -2 - (4 - (-8 + 15) - 14)
10
What is the value of (-42 - -19 - -17) + -33 + 36?
-3
(23 - (15 - -16) - (-6 + 14)) + -23
-39
Evaluate -3 - (-2 + 0 + -48 + 1 - (65 - 73)).
38
What is the value of -19 + (10 - 8) + 0 + 10 + 1 - -147?
141
Evaluate (-55 - (-14 + -27 + 23)) + -29.
-66
What is (88 - (2 + 0 - 5 - (-440 + 436))) + 11?
98
What is 1 + 9 + -2429 + 2381?
-38
9 + 92 + (-20 - 48)
33
What is (-79 - (3 - (-25 + 29))) + (14 - 0) + -4?
-68
Calculate -9 + 3 + (-12 - -11) + 9 - 2.
0
What is the value of -24 + (11 - (25 + -12) - -9)?
-17
Evaluate (-4 + 6 - 2) + -9 + (3 - -1).
-5
Evaluate (21 - 13) + -50 - -25.
-17
Evaluate 55 + (0 - -1) + (23 + (34 - 48) - 6).
59
-2 + 1 + 54 + 5 - (530 - 512)
40
Calculate (-6 - (-22 + 60)) + 72.
28
What is the value of (0 + 14 - (302 - 280)) + (12 - (-2 + 1))?
5
Evaluate (-3 - -16 - (-18 - (-29 + 1 + 10))) + 22.
35
Evaluate -51 - (-12 + (-12 - 5)).
-22
What is the value of (-57 - -54) + (-1 - 10) + (-11 - -77)?
52
What is 2 + -13 - (-22 - -13 - -35)?
-37
-10 + 8 + -9 + 1 + -55 + (1 - -2)
-62
What is the value of (-14 - -82) + -36 + -35?
-3
(32 - (48 - 31)) + -75
-60
What is 3 - ((-2 - (-1 + -10 - -4)) + 4 + -9)?
3
What is the value of (-25 - 9 - -28) + 61 + -2 - 12?
41
-30 + (-19 + 70 - 59)
-38
Evaluate (-8 - 0) + (-7 - 0) + (-29 - -9).
-35
What is -28 + 18 + (-14 - (-13 + -12 + 43))?
-42
Calculate (-11 + (49 - 37) - ((3 - -12) + 2)) + -10.
-26
What is the value of (41 - 25) + -5 + (-3 - -25)?
33
What is -15 + -22 + (56 - 3) - (-13 + 1)?
28
What is 9 - (52 - (-19 - -66))?
4
58 + (-8 - 14) + -6 - (-1 - -8)
23
Calculate -53 - 1 - ((7 - -58) + -78).
-41
18 - (33 + 0 - -32 - (15 - 2))
-34
-281 + 304 + -2 + -31 - -94
84
Calculate (2 - -2) + -4 + -20 + 7 + 17 + -14.
-10
Calculate -14 + (8 - ((-15 - -14) + -49)).
44
What is 9 - (-17 + -85 + 29 + 25)?
57
Calculate (-115 + 49 - -54) + (76 - -4).
68
Evaluate 176 - ((-124 - -37) + 239).
24
Evaluate -1 + 4 - ((-13 - -39) + -9) - -33.
19
Evaluate -3 + 35 - (39 - (83 - 41)) - 16.
19
What is -20 + (4 - (-1 - ((9 - 7) + -9)))?
-22
What is -49 + (-14 - ((6 - 16) + 10)) + -8?
-71
What is the value of (-83 + -7 - -98) + -51?
-43
What is the value of -4 + 5 + -43 - (-39 + 126)?
-129
What is the value of 23 - 36 - (-63 + 66 + -2 + -12)?
-2
-6 + -30 + (104 - 133)
-65
Evaluate (90 - 91